{"id":31,"date":"2019-11-03T09:20:41","date_gmt":"2019-11-03T09:20:41","guid":{"rendered":"http:\/\/schneesport-schule.de\/?page_id=31"},"modified":"2021-12-17T17:07:00","modified_gmt":"2021-12-17T16:07:00","slug":"verein","status":"publish","type":"page","link":"https:\/\/schneesport-schule.de\/?page_id=31","title":{"rendered":"Verein"},"content":{"rendered":"\r\n<p>Die Vereinigung ist ein Zusammenschluss von ca 40 Schulen, vorwiegend aus S\u00fcdhessen und dem Rhein-Main-Gebiet, mit dem Ziel, Schulen bei der Durchf\u00fchrung von Schneesportkursen zu unterst\u00fctzen und Sch\u00fclerinnen und Sch\u00fcler f\u00fcr den Schneesport zu motivieren.<\/p>\r\n<p>Um mit uns zu fahren, m\u00fcssen Sie Mitglied werden. Nehmen Sie dazu mit unserer <a href=\"ulrike.andrich@schneesport-schule.de\">Gesch\u00e4ftsstelle Kontakt<\/a> auf.<\/p>\r\n","protected":false},"excerpt":{"rendered":"<p>Die Vereinigung ist ein Zusammenschluss von ca 40 Schulen, vorwiegend aus S\u00fcdhessen und dem Rhein-Main-Gebiet, mit dem Ziel, Schulen bei der Durchf\u00fchrung von Schneesportkursen zu unterst\u00fctzen und Sch\u00fclerinnen und Sch\u00fcler f\u00fcr den Schneesport zu motivieren. Um mit uns zu fahren, m\u00fcssen Sie Mitglied werden. Nehmen Sie dazu mit unserer Gesch\u00e4ftsstelle Kontakt auf.<\/p>\n","protected":false},"author":1,"featured_media":0,"parent":0,"menu_order":0,"comment_status":"closed","ping_status":"closed","template":"","meta":{"footnotes":""},"class_list":["post-31","page","type-page","status-publish","hentry"],"jetpack-related-posts":[],"jetpack_sharing_enabled":true,"_links":{"self":[{"href":"https:\/\/schneesport-schule.de\/index.php?rest_route=\/wp\/v2\/pages\/31","targetHints":{"allow":["GET"]}}],"collection":[{"href":"https:\/\/schneesport-schule.de\/index.php?rest_route=\/wp\/v2\/pages"}],"about":[{"href":"https:\/\/schneesport-schule.de\/index.php?rest_route=\/wp\/v2\/types\/page"}],"author":[{"embeddable":true,"href":"https:\/\/schneesport-schule.de\/index.php?rest_route=\/wp\/v2\/users\/1"}],"replies":[{"embeddable":true,"href":"https:\/\/schneesport-schule.de\/index.php?rest_route=%2Fwp%2Fv2%2Fcomments&post=31"}],"version-history":[{"count":3,"href":"https:\/\/schneesport-schule.de\/index.php?rest_route=\/wp\/v2\/pages\/31\/revisions"}],"predecessor-version":[{"id":250,"href":"https:\/\/schneesport-schule.de\/index.php?rest_route=\/wp\/v2\/pages\/31\/revisions\/250"}],"wp:attachment":[{"href":"https:\/\/schneesport-schule.de\/index.php?rest_route=%2Fwp%2Fv2%2Fmedia&parent=31"}],"curies":[{"name":"wp","href":"https:\/\/api.w.org\/{rel}","templated":true}]}}